hat are the prime factors of 153453?
3, 51151
List the prime factors of 183.
3, 61
What are the prime factors of 3864?
2, 3, 7, 23
What are the prime factors of 26947?
26947
List the prime factors of 3210.
2, 3, 5, 107
List the prime factors of 2707.
2707
List the prime factors of 2935.
5, 587
List the prime factors of 343.
7
What are the prime factors of 211?
211
List the prime factors of 23052.
2, 3, 17, 113
List the prime factors of 135694.
2, 13, 17, 307
List the prime factors of 3870.
2, 3, 5, 43
What are the prime factors of 643?
643
What are the prime factors of 2740?
2, 5, 137
What are the prime factors of 12982?
2, 6491
List the prime factors of 933.
3, 311
What are the prime factors of 19258?
2, 9629
What are the prime factors of 2227?
17, 131
List the prime factors of 12497.
12497
What are the prime factors of 1291?
1291
What are the prime factors of 1022?
2, 7, 73
What are the prime factors of 17489?
17489
List the prime factors of 13054.
2, 61, 107
What are the prime factors of 69042?
2, 3, 37, 311
What are the prime factors of 761?
761
List the prime factors of 52035.
3, 5, 3469
List the prime factors of 74938.
2, 89, 421
What are the prime factors of 13126?
2, 6563
List the prime factors of 22438.
2, 13, 863
List the prime factors of 459.
3, 17
List the prime factors of 2992.
2, 11, 17
What are the prime factors of 62786?
2, 31393
List the prime factors of 994.
2, 7, 71
List the prime factors of 7252.
2, 7, 37
List the prime factors of 5156.
2, 1289
List the prime factors of 1563.
3, 521
List the prime factors of 34483.
34483
What are the prime factors of 7290?
2, 3, 5
What are the prime factors of 3576?
2, 3, 149
What are the prime factors of 2516?
2, 17, 37
List the prime factors of 46770.
2, 3, 5, 1559
List the prime factors of 145.
5, 29
List the prime factors of 2474.
2, 1237
What are the prime factors of 20811?
3, 7, 991
What are the prime factors of 28973?
7, 4139
What are the prime factors of 57903?
3, 19301
What are the prime factors of 48256?
2, 13, 29
List the prime factors of 1043.
7, 149
List the prime factors of 1146.
2, 3, 191
What are the prime factors of 64131?
3, 21377
List the prime factors of 8634.
2, 3, 1439
List the prime factors of 31190.
2, 5, 3119
What are the prime factors of 1265?
5, 11, 23
What are the prime factors of 105547?
13, 23, 353
What are the prime factors of 817?
19, 43
List the prime factors of 873.
3, 97
List the prime factors of 1318.
2, 659
List the prime factors of 989.
23, 43
What are the prime factors of 2233?
7, 11, 29
What are the prime factors of 21380?
2, 5, 1069
List the prime factors of 1299.
3, 433
List the prime factors of 137.
137
What are the prime factors of 23531?
23531
What are the prime factors of 5272?
2, 659
List the prime factors of 72027.
3, 53, 151
List the prime factors of 174824.
2, 13, 41
List the prime factors of 478.
2, 239
What are the prime factors of 21202?
2, 10601
List the prime factors of 969.
3, 17, 19
List the prime factors of 2560.
2, 5
What are the prime factors of 2664?
2, 3, 37
What are the prime factors of 1171?
1171
What are the prime factors of 1833?
3, 13, 47
List the prime factors of 7205.
5, 11, 131
List the prime factors of 115.
5, 23
List the prime factors of 1056.
2, 3, 11
What are the prime factors of 15306?
2, 3, 2551
What are the prime factors of 3952?
2, 13, 19
What are the prime factors of 54098?
2, 11, 2459
List the prime factors of 716.
2, 179
List the prime factors of 13202.
2, 7, 23, 41
What are the prime factors of 17481?
3, 5827
What are the prime factors of 173703?
3, 57901
List the prime factors of 134.
2, 67
List the prime factors of 974.
2, 487
List the prime factors of 8792.
2, 7, 157
List the prime factors of 3077.
17, 181
List the prime factors of 6434.
2, 3217
List the prime factors of 951.
3, 317
List the prime factors of 382.
2, 191
List the prime factors of 14380.
2, 5, 719
What are the prime factors of 7793?
7793
List the prime factors of 105819.
3, 7, 5039
What are the prime factors of 19788?
2, 3, 17, 97
What are the prime factors of 18575?
5, 743
List the prime factors of 1767.
3, 19, 31
List the prime factors of 358.
2, 179
What are the prime factors of 4739?
7, 677
What are the prime factors of 489?
3, 163
List the prime factors of 1712.
2, 107
What are the prime factors of 18764?
2, 4691
List the prime factors of 334.
2, 167
What are the prime factors of 2440?
2, 5, 61
What are the prime factors of 58069?
11, 5279
What are the prime factors of 6694?
2, 3347
List the prime factors of 2269.
2269
What are the prime factors of 42422?
2, 21211
List the prime factors of 745.
5, 149
List the prime factors of 8486.
2, 4243
What are the prime factors of 1932?
2, 3, 7, 23
List the prime factors of 1646.
2, 823
List the prime factors of 14195.
5, 17, 167
List the prime factors of 343.
7
What are the prime factors of 63674?
2, 13, 31, 79
What are the prime factors of 26907?
3, 8969
What are the prime factors of 50617?
7, 1033
What are the prime factors of 25027?
29, 863
What are the prime factors of 5057?
13, 389
What are the prime factors of 253?
11, 23
List the prime factors of 6679.
6679
What are the prime factors of 4170?
2, 3, 5, 139
What are the prime factors of 1981?
7, 283
What are the prime factors of 6055?
5, 7, 173
List the prime factors of 771.
3, 257
What are the prime factors of 139495?
5, 23, 1213
What are the prime factors of 32412?
2, 3, 37, 73
What are the prime factors of 4739?
7, 677
What are the prime factors of 122?
2, 61
What are the prime factors of 14283?
3, 23
List the prime factors of 855.
3, 5, 19
What are the prime factors of 453?
3, 151
What are the prime factors of 5719?
7, 19, 43
List the prime factors of 79017.
3, 26339
List the prime factors of 3919.
3919
What are the prime factors of 2042?
2, 1021
What are the prime factors of 12425?
5, 7, 71
What are the prime factors of 764?
2, 191
What are the prime factors of 43991?
43991
What are the prime factors of 54324?
2, 3, 503
List the prime factors of 21938.
2, 7, 1567
What are the prime factors of 1018?
2, 509
List the prime factors of 13976.
2, 1747
What are the prime factors of 80191?
80191
What are the prime factors of 17?
17
List the prime factors of 175.
5, 7
What are the prime factors of 89497?
31, 2887
What are the prime factors of 5157?
3, 191
What are the prime factors of 57017?
23, 37, 67
What are the prime factors of 56?
2, 7
List the prime factors of 3465.
3, 5, 7, 11
What are the prime factors of 2882?
2, 11, 131
What are the prime factors of 8373?
3, 2791
List the prime factors of 3456.
2, 3
What are the prime factors of 340?
2, 5, 17
What are the prime factors of 90?
2, 3, 5
List the prime factors of 6401.
37, 173
What are the prime factors of 12609?
3, 467
What are the prime factors of 10690?
2, 5, 1069
What are the prime factors of 1866?
2, 3, 311
List the prime factors of 5067.
3, 563
List the prime factors of 4465.
5, 19, 47
List the prime factors of 20442.
2, 3, 3407
What are the prime factors of 1050?
2, 3, 5, 7
List the prime factors of 2902.
2, 1451
List the prime factors of 322.
2, 7, 23
List the prime factors of 1345.
5, 269
List the prime factors of 47730.
2, 3, 5, 37, 43
What are the prime factors of 1727?
11, 157
What are the prime factors of 9158?
2, 19, 241
List the prime factors of 12475.
5, 499
What are the prime factors of 1619?
1619
What are the prime factors of 24272?
2, 37, 41
List the prime factors of 27624.
2, 3, 1151
What are the prime factors of 1244?
2, 311
What are the prime factors of 102841?
102841
List the prime factors of 8063.
11, 733
List the prime factors of 881.
881
List the prime factors of 2704.
2, 13
What are the prime factors of 141665?
5, 29, 977
List the prime factors of 2486.
2, 11, 113
What are the prime factors of 6337?
6337
What are the prime factors of 35225?
5, 1409
List the prime factors of 50837.
29, 1753
What are the prime factors of 3969?
3, 7
What are the prime factors of 376?
2, 47
What are the prime factors of 42183?
3, 43, 109
What are the prime factors of 1157?
13, 89
What are the prime factors of 3735?
3, 5, 83
List the prime factors of 572.
2, 11, 13
What are the prime factors of 3187?
3187
List the prime factors of 73454.
2, 19, 1933
List the prime factors of 1449.